5 + 61 = 0. Suppose 3*f + 124 = 5*c, 4*f - 5*c + 220 = -f. Let j = f + g. Calculate the highest common factor of 11 and j.
11
Let i be ((-12)/36)/((-2)/24). Let z(s) = -s - 1. Let o be z(-13). What is the greatest common divisor of i and o?
4
Suppose 2*c + 0*c = 60. Let n(f) = -f + 0*f + 2 + 27*f**2 - 18*f**2. Let v be n(1). Calculate the greatest common factor of c and v.
10
Let x be -4 - ((-6)/(-2) + -19). Let n be x/9*(-1 + 34). What is the highest common divisor of 11 and n?
11
Let h = 15 + -13. Let i be 4 + -6*3/h. Let g = i - -12. What is the greatest common divisor of 49 and g?
7
Let b = -15 + 30. Suppose 5*r - k = -0*r + 615, -2*k = -4*r + 492. Suppose 0*o - 57 = -o + y, 2*o + y - r = 0. What is the greatest common factor of o and b?
15
Suppose -3*x = -x - 6. Let k(b) = b**2 - b - 2. Let n be k(x). Let p(i) = 3*i**2 - 2*i - 41. Let u be p(-5). Calculate the greatest common factor of n and u.
4
Suppose -2*o = 2*t - 130, 7*t - 127 = -2*o + 6*t. Calculate the greatest common divisor of o and 279.
31
Suppose -4*z + 1796 = -2764. Suppose 29*y - 23*y - z = 0. What is the highest common factor of y and 76?
38
Suppose -9 = 3*d - 39. Let x = d - -15. What is the greatest common divisor of x and 175?
25
Let w = -15 + 127. Let p = -23 + 11. Let u be ((-6)/p)/(1/28). Calculate the greatest common factor of w and u.
14
Suppose 4*q + 21 + 3 = 2*f, -2*q - 4 = 3*f. What is the greatest common divisor of f and 34?
2
Suppose -6*t + 899 + 1405 = 0. What is the greatest common divisor of t and 12?
12
Suppose 5*v = 5*w + 115, 4*w + 10 = -2. Calculate the highest common divisor of 65 and v.
5
Let b be 4*2/24*18. Let x be b/27 + (-642)/(-27). Suppose -6*n = -3*n - x. What is the highest common factor of n and 12?
4
Suppose 28*q - 1380 = 5*q. What is the greatest common divisor of q and 285?
15
Let m be (-60472)/(-112) + 4/56. Calculate the highest common factor of m and 20.
20
Let v(p) = -p**3 + 10*p**2 + 39*p - 174. Let f be v(12). What is the highest common divisor of f and 702?
6
Let j = 23 - -19. Let o = -10 + j. Calculate the greatest common divisor of o and 24.
8
Let k = 1010 + -1007. Suppose -q = 0, -2*i - 165 = -7*i - 3*q. What is the greatest common factor of i and k?
3
Let l(c) = 3*c - 22. Let t be l(9). Let q be t*(-3 + (-66)/(-10)). Let f = q - -22. What is the highest common factor of 100 and f?
20
Suppose -59 = 6*u - 383. Calculate the greatest common divisor of 2 and u.
2
Suppose 7*q - 2*q - 18 = -4*y, 2*y - 12 = -4*q. Let a be 8 - 12*q/6. Calculate the greatest common divisor of a and 28.
4
Let g be (-1 + 19)/(-3) - (-74 - 13). Calculate the highest common divisor of g and 108.
27
Let s(a) = -2*a**2 - 3*a - 6. Let i(z) = 7*z**2 + 10*z + 17. Let x(q) = 4*i(q) + 11*s(q). Let o be x(-7). What is the highest common factor of 13 and o?
13
Suppose -3*i + 342 = -0*i. Let r be i*(-8)/(-42) + 6/21. Calculate the greatest common divisor of r and 176.
22
Suppose -g = 5*g + 78. Let x = g + 17. Let h be x*(3 + (1 - 2)). Calculate the greatest common divisor of h and 32.
8
Let l = 30 - 16. Suppose l = 2*z - z. Suppose 0*c - c - x = -14, -3*x = 0. What is the highest common factor of z and c?
14
Let x = -32 - -32. Suppose a + v = -4*a + 65, 4*a + 5*v - 73 = x. Calculate the highest common divisor of a and 132.
12
Let w(n) = n**2 - 23*n + 19. Let i be w(18). Let r = i - -31. Let y be (3/4)/((-2)/r). What is the greatest common factor of y and 165?
15
Let t = -1199 - -1241. Calculate the highest common divisor of t and 1701.
21
Suppose -10 = -2*v - 0. Suppose v = -z + 3*q - 4, -3*z + 33 = 3*q. Let o be ((-28)/(-10))/(1/15). What is the highest common factor of z and o?
6
Let w(v) = v**2 + 5*v + 2. Let m be w(9). Let c = -91 + m. Calculate the highest common divisor of 407 and c.
37
Let k(l) = 19*l**2 - 5*l + 4. Suppose 0 = z + 2*f + 4 + 4, 4*f + 28 = 4*z. Let w be k(z). Calculate the greatest common divisor of 35 and w.
35
Suppose -g + 25 = 3*n + 2*n, 0 = -5*g - 4*n + 41. Suppose -z - 4*v + 608 = 4*z, g*z + 2*v - 604 = 0. What is the highest common divisor of 15 and z?
15
Suppose -3*p = 3*a - 45, 2*a + 6*p = p + 42. Let t = a + -8. Calculate the greatest common factor of t and 1.
1
Suppose 3*c = -o - o + 202, c - 3*o - 60 = 0. Let i be -5 - (1377/(-119) + 4/7). What is the greatest common factor of c and i?
6
Suppose -24*l + 29*l - t - 447 = 0, 2*l + 4*t = 192. Calculate the highest common factor of l and 2880.
90
Let u be (-72)/(-21) - 9/21. Let d(j) = 13*j - 34. Let q be d(u). What is the highest common divisor of 4 and q?
1
Let r(n) = -n**2 - 5*n - 1. Let o be r(-3). Suppose 4*x + 5*h = 60, 0 = 10*x - 13*x + 5*h + 80. What is the greatest common divisor of o and x?
5
Let h(w) = -w**3 + 4*w**2 - 3. Let q be h(4). Let s(z) = 3*z**2 - 5*z - 4. Let k be s(q). Let g = 15663 - 15606. What is the greatest common divisor of k and g?
19
Let t = -36 + 54. Suppose 3*v = 607 - 13. Calculate the highest common factor of v and t.
18
Let f(t) = -t**3 - t**2 + 51. Let h be f(0). Suppose h*c + 9 = 52*c. Calculate the greatest common factor of 63 and c.
9
Let w be (-2)/((-8)/(-2))*-2. Let y = w - -17. Let r(d) = 179*d**3 + d. Let n be r(1). Calculate the highest common factor of y and n.
18
Let w = -4 + 8. Suppose -m + w*m = 216. Suppose 5*l + 7*j = 12*j + 45, -3*l = j - 23. What is the highest common factor of l and m?
8
Let k(c) be the first derivative of -4 + 3*c + 7/2*c**2. Let w be k(7). Calculate the highest common factor of 130 and w.
26
Let m(i) = -6*i - 4. Let s be m(-4). Suppose -s = -2*n - 2. Suppose 3*y - 6 = 0, -4*y = 4*l - n*l + 597. What is the greatest common divisor of 11 and l?
11
Suppose -z - 2*z = 5*l - 30, 5*z - 37 = -4*l. Suppose 119*f = 125*f - 54. What is the greatest common factor of f and l?
3
Let o be ((-24)/18)/((-2)/15). Let m(z) = -z**2 + 11*z. Let n be m(o). Suppose -n + 36 = l. What is the highest common divisor of 39 and l?
13
Let b be (9 - 12)*(0 - -1) + 163. Calculate the greatest common divisor of 80 and b.
80
Let x be 58/3*13 - 4/12. Let m = x - 163. What is the greatest common divisor of 8 and m?
8
Let n = 307 + -250. Calculate the greatest common divisor of n and 361.
19
Suppose 0*j = a - 5*j + 7, a + 2*j - 21 = 0. Let x be 1 + -2 + 0 + a. What is the greatest common factor of 48 and x?
12
Let c(j) = 5*j**2 - 3*j + 1. Let t be c(-3). Let g be (44/t)/(2/15). Let o be (g/4)/((-6)/(-200)). Calculate the highest common factor of 10 and o.
10
Let n be (-1)/((2/1)/(-22)). Let o(b) = -21*b + 893. Let g be o(42). Calculate the greatest common divisor of g and n.
11
Let m be 1*708/3 - (4 + -2). What is the highest common factor of 72 and m?
18
Suppose 0 = -3*f + 5 + 1. Let z be 12 + -8 - 1*f. Suppose -2*c - 55 = -5*h, -z*c = 10 - 0. Calculate the greatest common factor of 9 and h.
9
Suppose 5*b - 4*o + 175 + 97 = 0, 2*b - 5*o = -119. Let k be 2/((-8)/b) + -1. Let q be (-506)/(-7) + 4/(-14). What is the greatest common divisor of q and k?
12
Suppose 14 = -2*j + 3*j. Let a = 153 + -148. Suppose 5*f - 25 = -2*o, o - a*o + 15 = 5*f. Calculate the highest common divisor of j and f.
7
Let x = 20 + -16. Suppose 0 = o - 4*o - 6, o - 30 = -x*p. What is the greatest common divisor of 88 and p?
8
Let m = 167 - -897. What is the highest common divisor of 56 and m?
56
Let n be 2 - 10/(2 + -4). Let c = 2 + n. Suppose 0 = 3*l + 2*k - 27, 4*l + 3*k - 4*k - 36 = 0. Calculate the highest common divisor of c and l.
9
Suppose 792 = 15*d - 11*d. What is the greatest common divisor of 132 and d?
66
Let u(a) = 6*a**2 - 7*a + 6. Let b be u(4). What is the greatest common factor of b and 333?
37
Suppose 32 = -l + 5*l. Suppose -24 = -5*s - z, s - z = 2*s - l. Suppose 4*b = s*o - 106 - 34, 4*o - 145 = -b. What is the highest common divisor of o and 18?
18
Let c be 3960/(-50)*(-20)/6. Let d be (1 + 3)*(9 - 3). What is the greatest common divisor of c and d?
24
Suppose -2*x = -t - 54, 0*x = -x + 5*t + 45. Suppose 4*l + 50 = 5*u - l, 0 = -u + 3*l + 20. Calculate the highest common factor of u and x.
5
Suppose 4*j + 750 = 5*i - 820, -2*j = -4*i + 1262. Let o = -549 + i. Let a = -133 - o. Calculate the greatest common divisor of a and 14.
14
Suppose 12 + 10 = 2*d. Let o = 52 - 47. Suppose -o*m = -134 - 31. Calculate the greatest common factor of d and m.
11
Suppose 0 = 4